{"id":1904,"date":"2015-03-23T14:32:08","date_gmt":"2015-03-23T14:32:08","guid":{"rendered":"http:\/\/pequenasgrandesestrellas.cl\/sitio\/about-us-2\/"},"modified":"2025-04-21T22:26:38","modified_gmt":"2025-04-22T01:26:38","slug":"taller","status":"publish","type":"page","link":"https:\/\/fundacionpge.cl\/sitio\/taller\/","title":{"rendered":"Para ni\u00f1as\/os"},"content":{"rendered":"<div class='grid_row clearfix'><div class='grid_col grid_col_4'><div class='ce clearfix'><div>\n<p><img loading=\"lazy\" class=\"alignnone wp-image-5679\" src=\"https:\/\/fundacionpge.cl\/sitio\/wp-content\/uploads\/2024\/02\/IMG_9885-3-150x150.jpeg\" alt=\"\" width=\"290\" height=\"290\" srcset=\"https:\/\/fundacionpge.cl\/sitio\/wp-content\/uploads\/2024\/02\/IMG_9885-3-150x150.jpeg 150w, https:\/\/fundacionpge.cl\/sitio\/wp-content\/uploads\/2024\/02\/IMG_9885-3-300x300.jpeg 300w, https:\/\/fundacionpge.cl\/sitio\/wp-content\/uploads\/2024\/02\/IMG_9885-3-1024x1024.jpeg 1024w, https:\/\/fundacionpge.cl\/sitio\/wp-content\/uploads\/2024\/02\/IMG_9885-3-1536x1536.jpeg 1536w, https:\/\/fundacionpge.cl\/sitio\/wp-content\/uploads\/2024\/02\/IMG_9885-3-2048x2048.jpeg 2048w\" sizes=\"(max-width: 290px) 100vw, 290px\" \/><\/p>\n<\/div><\/div><\/div><div class='grid_col grid_col_8'><div class='ce clearfix'><h3 class=\"ce_title\"><div>Talleres astron\u00f3micos<\/div><\/h3><div><\/div><\/div><div class='ce clearfix'><div  class='cws_callout'><div class='content_section'><div class='callout_text'>\n<p><span id=\"yui_3_18_1_1_1709083813843_1147\" style=\"font-weight: 400;\">As\u00ed como la Astronom\u00eda tiene de base la observaci\u00f3n, ni\u00f1os y ni\u00f1as desarrollan inter\u00e9s y curiosidad por fen\u00f3menos observables desde temprana edad, experimentando con sus cinco sentidos, buscando comprender e identificar todo lo que observan a su alrededor. En esta primera etapa de vida son totalmente capaces de adquirir una serie de habilidades y nociones elementales de las ciencias que contribuir\u00e1n al desarrollo de su rol cient\u00edfico, valorizando a la ciencia astron\u00f3mica como un medio para afianzar su percepci\u00f3n general de la naturaleza y el mundo que le rodea.<\/span><span style=\"font-weight: 400;\"><\/p>\n<p><\/span><\/p>\n<p><span id=\"yui_3_18_1_1_1709083813843_1141\" style=\"font-weight: 400;\">Considerando que una parte importante de la observaci\u00f3n astron\u00f3mica realizada en el mundo viene desde nuestro pa\u00eds, en Fundaci\u00f3n Peque\u00f1as Grandes Estrellas buscamos acercar la astronom\u00eda a ni\u00f1os y ni\u00f1as de educaci\u00f3n inicial, as\u00ed como tambi\u00e9n a educadoras y educadores de p\u00e1rvulos, creando experiencias de aprendizajes l\u00fadicas y significativas, acercando la ciencia astron\u00f3mica a la educaci\u00f3n inicial.<\/span><br style=\"font-weight: 400;\"><\/p>\n<\/div><\/div><div class='button_section'><a href='mailto:animahop@fundacionpge.cl%20%20' class='cws_button xlarge' >\u00a1S\u00ed, quiero inscribirme!<div class='button-shadow'><\/div><\/a><\/div><\/div><\/div><\/div><\/div>\n","protected":false},"excerpt":{"rendered":"","protected":false},"author":1,"featured_media":0,"parent":0,"menu_order":0,"comment_status":"closed","ping_status":"closed","template":"","meta":[],"_links":{"self":[{"href":"https:\/\/fundacionpge.cl\/sitio\/wp-json\/wp\/v2\/pages\/1904"}],"collection":[{"href":"https:\/\/fundacionpge.cl\/sitio\/wp-json\/wp\/v2\/pages"}],"about":[{"href":"https:\/\/fundacionpge.cl\/sitio\/wp-json\/wp\/v2\/types\/page"}],"author":[{"embeddable":true,"href":"https:\/\/fundacionpge.cl\/sitio\/wp-json\/wp\/v2\/users\/1"}],"replies":[{"embeddable":true,"href":"https:\/\/fundacionpge.cl\/sitio\/wp-json\/wp\/v2\/comments?post=1904"}],"version-history":[{"count":15,"href":"https:\/\/fundacionpge.cl\/sitio\/wp-json\/wp\/v2\/pages\/1904\/revisions"}],"predecessor-version":[{"id":5808,"href":"https:\/\/fundacionpge.cl\/sitio\/wp-json\/wp\/v2\/pages\/1904\/revisions\/5808"}],"wp:attachment":[{"href":"https:\/\/fundacionpge.cl\/sitio\/wp-json\/wp\/v2\/media?parent=1904"}],"curies":[{"name":"wp","href":"https:\/\/api.w.org\/{rel}","templated":true}]}}